is the remainder when (-154)/t*(-3 + -6 - 0) is divided by 4?
2
Let t(p) = 16*p**2 - 2*p + 1. Suppose 4 = 5*x - x. What is the remainder when t(x) is divided by 4 + 0 + 2 + 2?
7
What is the remainder when (18 - (-11935)/21)/(((-1)/(-3))/1) is divided by 20?
19
Suppose -5*f = -i + 39, 5*f + 0*i = -2*i - 27. Let s(r) = -r + 4. Calculate the remainder when s(f) is divided by 10.
1
Let r = -27 - -64. Let f(p) = 22*p**2 + 1896*p - 1124. What is the remainder when f(-87) is divided by r?
35
Let d = 133 - -77. Suppose 11*h = 16*h - d. What is the remainder when h is divided by 25?
17
Suppose q - 4*c = -51, c + 94 = -4*q - 42. What is the remainder when 0 + -1 + 3*13 is divided by q/28 + (-267)/(-12)?
17
Suppose -c = 3*k + 4*c - 298, 3*k - 292 = -2*c. Suppose -650 = 3*f - 7*f - 2*q, 475 = 3*f - q. Let w = f - 146. What is the remainder when k is divided by w?
12
Let s = 192 + -164. Calculate the remainder when 75 is divided by (-75)/15 - (-1 - s).
3
Let j(o) = 4*o**2 - 69*o + 46. Let y be j(24). Let k = y - 676. Calculate the remainder when 1/(502/250 - 2) is divided by k.
17
Let l = 445 + 2457. Calculate the remainder when l is divided by 12.
10
Suppose 35*n - 4*s = 39*n - 1500, 0 = 10*n - s - 3750. Calculate the remainder when 752 is divided by n.
2
Let x = -483 + 322. Let p = x - -200. What is the remainder when 115 is divided by p?
37
Suppose -y + 85 = 130. Let g = 257 + -162. Let w = y + g. Calculate the remainder when w is divided by 17.
16
Let s be 9/2 + 33/66. Suppose 4*j + 116 = 4*c, 2*j = s*c + j - 125. Calculate the remainder when 143 is divided by c.
23
Suppose 6*x = 4*x - 6. Let z be x*1/((-12)/116). Suppose t = z + 8. What is the remainder when 107 is divided by t?
33
Let m be (-42)/10 - 59/(-295). Calculate the remainder when m/5*120/(-1) is divided by 35.
26
Suppose -5*g + g + r = -531, g - 120 = -4*r. What is the remainder when g is divided by 85?
47
Suppose -2*k + 958 = 5*z, -32*k = -29*k - 2*z - 1418. Let q = k + -440. What is the remainder when 237 is divided by q?
33
Let q(y) be the first derivative of 6*y**2 - 114*y - 8. What is the remainder when 75 is divided by q(12)?
15
What is the remainder when 1620/405*547/4 is divided by 134?
11
Suppose -3*s - 953 = -2*g - 336, s - 321 = -g. What is the remainder when 641 is divided by g?
9
Let i = 9922 - 9861. Calculate the remainder when 7195 is divided by i.
58
Let s(h) = 18*h - 178. Let b be s(10). Suppose -2*r + 3*a + 388 = 5*a, -5*r + 977 = -b*a. Calculate the remainder when r is divided by 49.
48
Suppose -9*t - 75 = -34*t. Suppose t*o - 10*o + 2478 = 0. Calculate the remainder when o is divided by 40.
34
Let s(z) = -z**3 + 12*z**2 + 20*z - 294. Calculate the remainder when 771 is divided by s(11).
19
Let j = 26 + 2. Let c = j + -16. Suppose -2*p + 4*z + z = 12, -2*p - z = -c. Calculate the remainder when 17 is divided by p.
1
What is the remainder when (-3444)/(-492) + (1543 - 2) is divided by 47?
44
Suppose 12*j + 4*i = 7*j + 2117, 4*j + 4*i = 1696. Calculate the remainder when j is divided by 109.
94
Suppose 3*b + 2*y - 587 = 0, b - 6 - 187 = 2*y. Calculate the remainder when b is divided by 10.
5
Suppose 0 = -2*j - s + 6, 5*s + 6 = 2*j + 2*s. Calculate the remainder when 14 - -21*j/9 is divided by 13.
8
Let v = -28 + 66. Let t(o) = o**2 + 16*o + 11. Let g be t(-15). Let k = v + g. Calculate the remainder when 201 is divided by k.
31
Suppose 5*g + p + 2*p - 153 = 0, -5*g = -5*p - 145. Let i(m) = 5*m + 6*m**2 - 7 + 2*m**3 + 9*m**2 - m**3. Calculate the remainder when i(-14) is divided by g.
29
Let c(d) = -16*d**2 + 13 + 0 + d**3 + 5*d + 11*d**2. Calculate the remainder when c(6) is divided by 20.
19
Suppose 0 = 18*j + 1667 - 1865. Calculate the remainder when 7402 is divided by j.
10
Suppose 4*j + 23*j = 12*j + 705. What is the remainder when j is divided by 44?
3
Suppose 24*l + 2609 + 2599 = 0. Let x = 11 - -10. Calculate the remainder when x is divided by (-2)/((-48)/20) + l/(-42).
3
Let m(h) = 3*h**2 - 24*h - 42. Let n be m(15). Let f = 288 - n. What is the remainder when 40 is divided by f?
10
Suppose -5*r - 2*c = -51, 5*r + 10*c = 7*c + 54. What is the remainder when (27/(-18))/((-6)/2008) is divided by r?
7
Let p = 51 - 2. Suppose -5*g = -10*g. Suppose g*a + 261 = 2*a - 5*r, -3*a = 3*r - 444. What is the remainder when a is divided by p?
45
Suppose 4*s + 304 = 8*s. Calculate the remainder when s is divided by -5*5 + 584 + -549.
6
Suppose -c - 3 + 7 = -2*d, -62 = -5*c - 4*d. Suppose 560 = 17*w - 393 - 526. Calculate the remainder when w is divided by c.
7
Suppose -t = t - 272. Let g = -8319 - -8329. What is the remainder when t is divided by g?
6
Let a = -46 - 23. Let l = a + 117. Let c = l - 16. Calculate the remainder when 158 is divided by c.
30
Let a = 629 - 486. Suppose a = 4*w + 40*p - 43*p, -w + 30 = 5*p. What is the remainder when 39 is divided by w?
4
Let b = 50 + -39. Suppose -5*r + 23 = g, 2*g = 4*r + 3*g - 18. What is the remainder when (b - (-6 + 3))*16/28 is divided by r?
3
Suppose -2*h = -z - 2372, -4*h + 5*z = -0*h - 4732. Suppose 11*w + h = 17*w. What is the remainder when w is divided by 25?
23
Calculate the remainder when ((-1918)/70)/(-2*1 - (-216)/120) is divided by 1.
0
Let b = -671 + 486. Let v = b - -519. What is the remainder when v is divided by 16?
14
Let l(c) = -7*c**3 + 3*c**2 + 12*c + 1. Calculate the remainder when l(-4) is divided by 40.
9
Let b(y) = 8*y**2 - 3*y + 7. Let i be b(7). Let r = -371 + i. What is the remainder when 32 is divided by r?
4
Let z(v) = 618*v + 4962. Calculate the remainder when 9844 is divided by z(-8).
16
Suppose 0 = -19*f + 1341 - 304 - 505. Calculate the remainder when 6914 is divided by f.
26
Let q be -1 - 2 - (12/(-2) - -3). Suppose q = 13*y - 29 - 10. Suppose -4 = -y*j + 29. Calculate the remainder when 42 is divided by j.
9
Suppose 4*q + 8 = 3*r, 2*r - q + 4*q = 28. Suppose v = r - 0. Let k(c) = 121*c**2 - 3145*c + 12. Calculate the remainder when k(26) is divided by v.
6
What is the remainder when ((-1)/2)/((464/(-9024))/29) is divided by 120?
42
Suppose 288*m = 233*m + 76835. Calculate the remainder when m is divided by 10.
7
Suppose -10*q + 4*q = -36. Calculate the remainder when 114 is divided by (-4)/6 + (-3 - (-112)/q).
9
Let o = 340 - 132. What is the remainder when o is divided by 3296/160 - (5/(75/(-6)))/1?
19
Let r = -927 - -1327. Calculate the remainder when r is divided by 82.
72
Let r(f) = f**2 + 2*f + 3. Let g be r(-5). Suppose -a + g = 4*j + 52, 3*j = -12. Let z = 52 + a. What is the remainder when z is divided by 5?
4
What is the remainder when (1/3 + 334/6)/(300/5250) is divided by 254?
218
Suppose 11314 = -29*c + 21000. Calculate the remainder when c is divided by (-1 - (0 + 0)) + 14.
9
Suppose -196*w = -201*w + 5*n + 2220, 0 = n - 6. What is the remainder when w is divided by 162?
126
Let j(t) = 16*t - 8. Let r be j(3). Let v = -24 + r. Calculate the remainder when 31 is divided by v.
15
Calculate the remainder when 3013 is divided by -4*8/(-16)*52.
101
Let u(a) = 8*a**2 + a - 2. Suppose -h + 1 = -0. Let c be u(h). Calculate the remainder when (1 - 0) + 288/(c + -3) is divided by 19.
16
Let s(c) = 5*c + 247. What is the remainder when 81 is divided by s(-35)?
9
Let y be 1*-1 + -1 + 6/(-6). Let g be 48/y - (-7 - -3). Let h(f) = -6*f - 19. Calculate the remainder when h(g) is divided by 14.
11
Let q(c) = -2*c + 40. Let k be 2/((-1 + -6)/(-63)). What is the remainder when q(k) is divided by 4?
0
Let d be 100/(-16) + (-2)/(-8). What is the remainder when (-306)/d - (-3)/3 is divided by -49*(-1)/(14/4)?
10
Let u = 36 - 38. Let d(t) = 9*t**2 - 4*t - 2. What is the remainder when d(u) is divided by 15?
12
Let s(k) = 3*k**2 + 140*k + 590. Calculate the remainder when s(-50) is divided by 13.
11
Suppose 63*w - 520 = -1717. Let d = 67 + -44. Let o = d + w. What is the remainder when o is divided by 3?
1
Let o(p) = 958*p**2 + 17*p - 50. What is the remainder when o(3) is divided by 56?
55
Let b(y) = -2*y**2 + 6*y + 11. Let a be b(4). Suppose 0 = 2*s - 4*z - 50, -2*s = -a*z + 20 - 71. What is the remainder when 78 is divided by s?
24
Suppose -2*k = -34 + 12. Suppose 2*p - 79 = k. Suppose -832 = -33*x - 436. What is the remainder when p is divided by x?
9
What is the remainder when 683 is divided by (0 